er?
False
Suppose -31*p = -209*p + 18482174 + 906120. Is p composite?
False
Let l be ((-14769)/(-12))/((-36)/(-672)). Suppose 0 = 8*n - l - 43034. Is n composite?
True
Is (((-28)/(-140))/((-3)/5))/((-3)/621801) prime?
False
Let h(l) = 3127*l**2 - 196*l + 5. Is h(-6) composite?
True
Is ((-1)/4 - (-11685)/1140) + 339556 a prime number?
False
Is (-3093783)/(-55) - 32/20 a composite number?
False
Let m(y) = -y**2 + 212*y - 4663. Is m(156) a prime number?
True
Let m(s) = -s**3 + 34*s**2 + 42*s + 64. Let q = -265 - -300. Is m(q) a prime number?
False
Suppose 7 = -n - h + 18, 30 = 3*n + 2*h. Let t be 558/21 - n/14. Is 3/(-2) + 8021/t composite?
False
Let v(c) = -18*c**3 - 9*c**2 - 8*c + 19. Let w be v(-7). Let q = w - 1817. Is q composite?
True
Suppose -539*t = -617*t + 724854. Is t a composite number?
False
Suppose 14*o + 33993 = 4*g + 9*o, 5*g + 4*o - 42481 = 0. Is g a composite number?
True
Let d be ((-34)/10 + 3)*-20. Suppose -2*x = d*x - 189640. Is x/66 + 1/(-3) composite?
True
Let i be (-3 - -838)*(-78)/(-10). Is i + 10 + 2*-1 prime?
True
Let i(a) = 554*a + 13. Let n = 12 + -8. Let h be i(n). Let v = h - 1408. Is v composite?
False
Suppose -2*x - 29788 = -5*g, -6*g + x + 5957 = -5*g. Let v = 11185 - g. Is v a prime number?
True
Suppose -5 = -3*f - 2. Suppose -6*p = 5*u - 9*u - 3136, -5*u - 5*p = 3920. Is 2 + (-2 + 2 - f) - u a composite number?
True
Suppose 5 = c - 4*g - 1, -5*c - 5*g + 30 = 0. Suppose c*j = 3474 + 4920. Suppose 3*u = -a - 3*a + j, -2*a = u - 465. Is u a prime number?
False
Let g = 4160 - -7847. Is g a composite number?
False
Let m(u) = 20*u**2 - 6*u - 11. Suppose 2*k + 0*k - 10 = 0. Suppose -k*i + i - b = 24, -2*i - 2*b = 12. Is m(i) a composite number?
True
Is 1 + 0 - ((15 - (4 + 3)) + -88094) a prime number?
False
Let j(h) = -h**3 - 15*h**2 - 14*h + 6. Let v be j(-14). Suppose -7 = v*g - 1. Is 16122/24 + -5 + g/(-4) a prime number?
False
Let u(i) = 102133*i**2 - 16*i - 22. Is u(-3) composite?
False
Suppose 19*k = 75*k - 8738296. Is k a prime number?
True
Let g(c) = -3031*c - 3546. Is g(-20) a composite number?
True
Suppose -4*n = x - 3916129, -3*n + 1462183 + 1474915 = x. Is n a prime number?
True
Let s be 3/(-12) - ((-12458)/8 - 2). Suppose s = 5*t - 4*p - 3099, 10 = -5*p. Suppose 16 = -4*d, -5*d = 3*a - 2395 - t. Is a prime?
False
Is -7*(0 - -1)*55853542/(-6482) a composite number?
False
Let r(f) = -17624*f**3 - 6*f**2 - 2*f + 1. Is r(-1) composite?
True
Let w(q) = -q**3 - 3*q**2 + 6*q - 5. Let l be (5/((-2)/(-1 + 3)))/1. Let u be w(l). Suppose 0*h + u = 5*h. Is h composite?
False
Suppose -5 = -14*m + 177. Let z(v) be the first derivative of -v**4/4 + 5*v**3 - 7*v**2 - 7*v - 1. Is z(m) a prime number?
True
Suppose -l = -x - 3*x + 276, 3*x = -5*l - 1449. Let k = -192 - l. Suppose 4*a = -3*j + 139, -5*j - a + 356 = k. Is j a composite number?
False
Let q(r) = 4110*r - 713. Is q(7) a composite number?
False
Let d = 16 + -18. Let t be 1 + (-3 - -3 - d - -17574). Suppose -6*z - 2451 + t = 0. Is z a prime number?
True
Suppose -6337*p - 3280133 = -6354*p. Is p prime?
True
Let v = -250 - -253. Suppose 2*n - 4206 + 1343 = -v*w, w - 951 = n. Is w composite?
False
Let g(q) = 253*q + 36. Let m(v) = -20*v - 109. Let o be m(-6). Is g(o) prime?
True
Suppose -120*i + 149*i = 3584826 + 1173407. Is i a composite number?
True
Is 680223*((-204)/136)/(9/(-2)) a composite number?
False
Let r(z) be the third derivative of z**6/120 - 4*z**5/15 + z**3/3 - 13*z**2. Let b be r(16). Suppose 900 = 2*t + 2*v, 0 = 2*v + b*v - 4. Is t composite?
False
Suppose -31 + 34 = 3*r. Is 1/r*-10012*(-2)/8 a composite number?
False
Suppose 0 = -3*c - c + 444. Let i be 0 - 220/(-70) - 12/(-14). Suppose 0 = 2*f + 4*m - 3 - c, i*m + 299 = 5*f. Is f a prime number?
True
Let w(i) = 2*i**2 + i**2 - 190 - 205 + 384 - 3*i. Suppose 2*y - 9 = 1, 0 = -t + 3*y - 7. Is w(t) a prime number?
True
Let d = -289198 - -419369. Is d a composite number?
False
Is (29 - (21 + -9)) + 18096 a prime number?
False
Suppose -5672 - 15547 = -11*q. Suppose -2*a + q = 391. Is a a composite number?
False
Let r(w) = 880*w**3 - 9*w**2 + 21*w - 12. Let a be r(-9). Is (1/(-3))/((-10)/a*-5) a prime number?
True
Let q(i) = 11032*i**3 - 3*i**2 + 10*i - 8. Let w be q(1). Let s = -6748 + w. Is s a composite number?
False
Let k(n) = 702*n**3 + 61*n**2 - 716*n - 21. Is k(10) a composite number?
False
Suppose -4*g + 241 + 179 = 0. Let n be -4 - -2 - g*-3. Let l = n - 168. Is l a composite number?
True
Let v(n) = 8934*n - 11. Let l be v(-1). Let z = -6202 - l. Is z a prime number?
False
Is 6427502/22 - ((-69)/(-92))/(66/16) a composite number?
True
Suppose 10 = 9*l - 35. Suppose -150 = -r - l*r. Suppose 4*h - 3339 = r. Is h a composite number?
True
Suppose -570*d = -552*d - 10962. Suppose -5789 = -3*a + 181. Let u = a - d. Is u a composite number?
False
Suppose -15*u + 8482 = w - 12*u, -4*w - 2*u = -33878. Is w composite?
False
Let l = -68 - -76. Suppose -l*c - 5*c = 65. Let z(f) = 18*f**2 - 3*f + 8. Is z(c) a composite number?
True
Suppose -2*j = 2*h - 3607 - 6149, -6 = -2*j. Is 2/13 + (-4 - h/(-169)) a composite number?
True
Let j be (0 - 4)*((-544)/128 + (1 - -5)). Let q(h) = 12 + 37*h + 0 - 254*h. Is q(j) prime?
True
Let p be (-2)/(-24)*6*-7442. Let s = p + 6858. Is s prime?
True
Suppose 22*v - 38*v + 4878631 = 25*v. Is v prime?
False
Suppose 4*n - 178468 = -3*h, h = 17*n - 19*n + 89234. Is n composite?
False
Let k(o) = 21*o + 270. Let l be k(-13). Let m(n) = -5*n**3 - n**2 + n + 13. Let y(d) = -d**3 - d**2 + 1. Let a(w) = m(w) - 6*y(w). Is a(l) a composite number?
True
Let y = 1489 + 39. Let c = y + -3147. Let m = -1130 - c. Is m prime?
False
Let x be (-5703)/(-4) - 1/(-4). Let o = x - 853. Is o a prime number?
False
Is (-51)/6*-35290 + ((-36)/(-12) - -3) a prime number?
False
Let m(o) = -o**3 - 6*o**2 + 12*o + 9. Let p be m(-7). Let u = p - -26. Suppose u*y - y + 2*a + 449 = 0, -5*y - 2*a + 2233 = 0. Is y a prime number?
False
Suppose 225 - 87 = -2*l. Let c = l - -74. Suppose -c*i = -4*w + 4414, 5*i + 1870 - 6264 = -4*w. Is w prime?
False
Suppose 0 = 3*m - 15*b + 12*b + 14184, 0 = 2*m - 5*b + 9444. Let x = 4305 - m. Is x composite?
True
Is (-1 - 9973062/(-14))/((-1826)/(-6391)) a composite number?
True
Let k(g) = -150*g**3 - 18*g**2 - 65*g - 187. Is k(-18) a prime number?
True
Let m = -95 + 100. Suppose -21*c + 20181 = 2*j - 22*c, -m*j + 2*c = -50453. Is j composite?
False
Let q = -2944 + 4760. Suppose -2*n + 2974 = -q. Is n composite?
True
Suppose -4024589 - 1108286 - 757352 = -21*a. Is a prime?
True
Let u(x) = x + 3. Let c be u(12). Let h = c - 10. Suppose 2*o = z + 1752, h*z - 1399 = -2*o + 365. Is o a composite number?
False
Let j = -53 + 56. Let i(r) = -7*r**2 - 7*r - 12. Let a(w) = -1. Let o(q) = j*a(q) - i(q). Is o(7) composite?
False
Let x = -3232 - -10285. Is x prime?
False
Let p = 7 - 4. Let n be p - ((-14)/21)/((-4)/6). Suppose -5*s + 3573 = -n*o, s - 2840 = -3*s - 3*o. Is s a composite number?
True
Let s(k) = -k**2 - 16*k + 29. Let x be s(-11). Suppose 90*y = x*y + 123558. Is y a composite number?
False
Suppose 0 = 20*z - 87*z - 1274356 + 11933855. Is z a composite number?
False
Let q(b) = -b**3 + 16*b**2 - 27*b - 12. Let p be q(14). Let k(c) = 457*c**2 + 3*c - 5. Is k(p) a composite number?
True
Suppose 896 = 5*d - 29. Suppose d*u - 187*u = -6294. Is u a composite number?
True
Let s(w) = 18*w**3 - 4*w**2 - 7*w - 5. Let q(r) = r + 32. Let z be q(-22). Suppose 0 = -z*g - 7*g + 102. Is s(g) a prime number?
True
Let r be ((-3)/2)/(8/(-16)). Suppose 2*t = -5*x + 6 + 24, 0 = 4*x - r*t - 47. Suppose x*q - 2388 - 2404 = 0. Is q prime?
True
Let q be (15 - 8)*(-11)/(-7). Suppose -q*w + 10509 = -9038. Is w composite?
False
Suppose -u = z - 4, z + 2 = 3*z + 5*u. Let b be 5/(-3) + z - 2/(-3). Suppose 12*i - b*i - 826 = 0. Is i a composite number?
True
Suppose -589992 = -11*k + 402200 + 1042027. Is k a prime number?
False
Suppose -21878*l - 201715 = -21883*l. Is l prime?
True
Is ((-49)/(-441))/((-4)/(-63108)) prime?
True
Let l = 166 - 155. Suppose -l*p + 14*p - 29373 = 0. Is p a composite number?
False
Suppose 120 = 26*d - 25*d. Suppose -5*c + 5*g = 140, -25 = 5*c + 4*g + 124. Let i = c + d. Is i a prime number?
False
Is 521750 + (-30)/10*(0 + 3) composite?
True
Let l(o) = -o**2 - 21*o + 5. Let x be 